{"id":91,"date":"2025-04-14T13:23:40","date_gmt":"2025-04-14T11:23:40","guid":{"rendered":"https:\/\/sp-dominow.pl\/?page_id=91"},"modified":"2025-04-25T13:58:53","modified_gmt":"2025-04-25T11:58:53","slug":"psycholog-szkolny","status":"publish","type":"page","link":"https:\/\/sp-dominow.pl\/index.php\/psycholog-szkolny\/","title":{"rendered":"Psycholog szkolny"},"content":{"rendered":"\n<p>Agata Szostak<\/p>\n\n\n\n<p><a href=\"mailto:agata.szostak@sp-dominow.pl\">agata.szostak@sp-dominow.pl<\/a><\/p>\n\n\n\n<p>Godziny pracy psychologa szkolnego:<\/p>\n\n\n\n<figure class=\"wp-block-table\"><table class=\"has-fixed-layout\"><tbody><tr><td>poniedzia\u0142ek &#8211; wtorek<\/td><td>08:00 &#8211; 13:00<\/td><\/tr><tr><td>\u015broda &#8211; pi\u0105tek <\/td><td>08:00 &#8211; 12:00<\/td><\/tr><\/tbody><\/table><\/figure>\n","protected":false},"excerpt":{"rendered":"<p>Agata Szostak agata.szostak@sp-dominow.pl Godziny pracy psychologa szkolnego: poniedzia\u0142ek &#8211; wtorek 08:00 &#8211; 13:00 \u015broda &#8211; pi\u0105tek 08:00 &#8211; 12:00<\/p>\n","protected":false},"author":1,"featured_media":0,"parent":0,"menu_order":0,"comment_status":"closed","ping_status":"closed","template":"","meta":{"footnotes":""},"class_list":["post-91","page","type-page","status-publish","hentry","entry"],"_links":{"self":[{"href":"https:\/\/sp-dominow.pl\/index.php\/wp-json\/wp\/v2\/pages\/91","targetHints":{"allow":["GET"]}}],"collection":[{"href":"https:\/\/sp-dominow.pl\/index.php\/wp-json\/wp\/v2\/pages"}],"about":[{"href":"https:\/\/sp-dominow.pl\/index.php\/wp-json\/wp\/v2\/types\/page"}],"author":[{"embeddable":true,"href":"https:\/\/sp-dominow.pl\/index.php\/wp-json\/wp\/v2\/users\/1"}],"replies":[{"embeddable":true,"href":"https:\/\/sp-dominow.pl\/index.php\/wp-json\/wp\/v2\/comments?post=91"}],"version-history":[{"count":3,"href":"https:\/\/sp-dominow.pl\/index.php\/wp-json\/wp\/v2\/pages\/91\/revisions"}],"predecessor-version":[{"id":245,"href":"https:\/\/sp-dominow.pl\/index.php\/wp-json\/wp\/v2\/pages\/91\/revisions\/245"}],"wp:attachment":[{"href":"https:\/\/sp-dominow.pl\/index.php\/wp-json\/wp\/v2\/media?parent=91"}],"curies":[{"name":"wp","href":"https:\/\/api.w.org\/{rel}","templated":true}]}}